illions digit of 130831953?
0
What is the thousands digit of 26694753?
4
What is the ten thousands digit of 129538806?
3
What is the units digit of 248289790?
0
What is the hundred thousands digit of 1557071612?
0
What is the thousands digit of 406862538?
2
What is the millions digit of 562561843?
2
What is the ten millions digit of 18168782?
1
What is the units digit of 72878237?
7
What is the hundred millions digit of 386865372?
3
What is the millions digit of 847471065?
7
What is the ten millions digit of 187648530?
8
What is the tens digit of 121107117?
1
What is the tens digit of 3664375440?
4
What is the hundred millions digit of 282267896?
2
What is the hundred millions digit of 132550939?
1
What is the hundred thousands digit of 14160072?
1
What is the hundreds digit of 32164083?
0
What is the tens digit of 36257990?
9
What is the thousands digit of 1153556543?
6
What is the ten thousands digit of 22587061?
8
What is the hundred millions digit of 3884773500?
8
What is the millions digit of 3579418?
3
What is the hundreds digit of 91298154?
1
What is the hundred millions digit of 767403870?
7
What is the tens digit of 97825782?
8
What is the hundred millions digit of 762826784?
7
What is the hundreds digit of 405003104?
1
What is the ten thousands digit of 3235266063?
6
What is the thousands digit of 60648822?
8
What is the ten millions digit of 63816410?
6
What is the hundred thousands digit of 2552774732?
7
What is the hundred thousands digit of 48324455?
3
What is the tens digit of 2238406?
0
What is the ten thousands digit of 65687875?
8
What is the ten millions digit of 2419897523?
1
What is the units digit of 29665537?
7
What is the hundreds digit of 149687009?
0
What is the hundred thousands digit of 8313296?
3
What is the billions digit of 8735007208?
8
What is the thousands digit of 1490245049?
5
What is the hundreds digit of 39003776?
7
What is the units digit of 86775121?
1
What is the thousands digit of 1552606828?
6
What is the hundred millions digit of 4122595596?
1
What is the tens digit of 133862147?
4
What is the thousands digit of 166845395?
5
What is the ten millions digit of 39513560?
3
What is the millions digit of 30945147?
0
What is the hundred millions digit of 274802297?
2
What is the tens digit of 43911483?
8
What is the ten thousands digit of 213583165?
8
What is the millions digit of 791399579?
1
What is the tens digit of 222720422?
2
What is the hundred thousands digit of 4638290176?
2
What is the hundred thousands digit of 682577997?
5
What is the hundreds digit of 60255404?
4
What is the hundreds digit of 323896865?
8
What is the ten millions digit of 166476621?
6
What is the thousands digit of 877611285?
1
What is the hundred thousands digit of 2513869?
5
What is the hundred thousands digit of 653743151?
7
What is the units digit of 695072?
2
What is the ten thousands digit of 2721899480?
9
What is the hundred thousands digit of 548723695?
7
What is the ten millions digit of 3016777184?
1
What is the ten thousands digit of 470289514?
8
What is the units digit of 84954636?
6
What is the hundreds digit of 29867309?
3
What is the units digit of 304925166?
6
What is the thousands digit of 105495275?
5
What is the tens digit of 282925636?
3
What is the thousands digit of 394695253?
5
What is the ten thousands digit of 95919165?
1
What is the ten millions digit of 73891754?
7
What is the millions digit of 272248186?
2
What is the billions digit of 2144757053?
2
What is the units digit of 22068580?
0
What is the hundreds digit of 444534948?
9
What is the ten millions digit of 10363756?
1
What is the hundreds digit of 246538848?
8
What is the hundred thousands digit of 77144736?
1
What is the ten millions digit of 350369955?
5
What is the hundreds digit of 602701612?
6
What is the ten millions digit of 73033483?
7
What is the hundreds digit of 123281263?
2
What is the hundred thousands digit of 6126253902?
2
What is the hundreds digit of 465979809?
8
What is the hundred millions digit of 136264709?
1
What is the ten millions digit of 23048840?
2
What is the ten thousands digit of 32597814?
9
What is the hundred thousands digit of 172765453?
7
What is the hundred thousands digit of 8299960236?
9
What is the hundred millions digit of 7912429163?
9
What is the tens digit of 111761508?
0
What is the tens digit of 670483077?
7
What is the millions digit of 15699855?
5
What is the tens digit of 259004310?
1
What is the units digit of 2442768162?
2
What is the ten millions digit of 43392848?
4
What is the ten millions digit of 1202275291?
0
What is the hundreds digit of 52971577?
5
What is the ten thousands digit of 35342964?
4
What is the ten millions digit of 240683897?
4
What is the units digit of 1517660857?
7
What is the thousands digit of 222975329?
5
What is the tens digit of 86943968?
6
What is the millions digit of 21348699?
1
What is the units digit of 2221087001?
1
What is the units digit of 8300546?
6
What is the ten thousands digit of 1105846208?
4
What is the hundred millions digit of 536194987?
5
What is the hundreds digit of 90083592?
5
What is the tens digit of 9723989?
8
What is the hundreds digit of 151723543?
5
What is the tens digit of 162283507?
0
What is the ten thousands digit of 181052948?
5
What is the hundred thousands digit of 982960313?
9
What is the tens digit of 93542547?
4
What is the ten millions digit of 101628685?
0
What is the ten thousands digit of 388168840?
6
What is the thousands digit of 19393801?
3
What is the ten millions digit of 166950025?
6
What is the millions digit of 164882286?
4
What is the hundred thousands digit of 2654473475?
4
What is the millions digit of 3366024?
3
What is the thousands digit of 58160416?
0
What is the ten thousands digit of 221328097?
2
What is the hundred thousands digit of 41998693?
9
What is the ten thousands digit of 102524212?
2
What is the thousands digit of 46668252?
8
What is the hundred thousands digit of 846416375?
4
What is the units digit of 2454000269?
9
What is the thousands digit of 2162915?
2
What is the units digit of 170256193?
3
What is the thousands digit of 9200489?
0
What is the tens digit of 83787400?
0
What is the ten thousands digit of 210019896?
1
What is the hundred thousands digit of 70933881?
9
What is the tens digit of 733283293?
9
What is the ten millions digit of 240148388?
4
What is the hundred thousands digit of 79609905?
6
What is the thousands digit of 12240518?
0
What is the ten thousands digit of 2979759187?
5
What is the hundred millions digit of 205932596?
2
What is the units digit of 145592035?
5
What is the hundreds digit of 4832209?
2
What is the ten millions digit of 60732381?
6
What is the hundreds digit of 58616769?
7
What is the hundred thousands digit of 209603513?
6
What is the millions digit of 20902015?
0
What is the ten millions digit of 346878630?
4
What is the millions digit of 63337757?
3
What is the hundreds digit of 32561606?
6
What is the thousands digit of 47222395?
2
What is the thousands digit of 552228786?
8
What is the billions digit of 2651355215?
2
What is the ten millions digit of 667498366?
6
What is the thousands digit of 70741422?
1
What is the thousands digit of 360652173?
2
What is the millions digit of 1150909764?
0
What is the tens digit of 3924157160?
6
What is the hundred millions digit of 514375064?
5
What is the millions digit of 75409919?
5
What is the hundred millions digit of 320014766?
3
What is the thousands digit of 4510892022?
2
What is the thousands digit of 945390763?
0
What is the hundreds digit of 151113951?
9
What is the ten millions digit of 2038272626?
3
What is the thousands digit of 291946945?
6
What is the hundreds digit of 71141038?
0
What is the units digit of 1635881214?
4
What is the ten millions digit of 82519535?
8
What is the tens digit of 77642240?
4
What is the hundred thousands digit of 617808361?
8
What is the units digit of 4155575797?
7
What is the hundred millions digit of 1801933877?
8
What is the units digit of 131232665?
5
What is the thousands digit of 28759057?
9
What is the tens digit of 251807749?
4
What is the thousands digit of 63993168?
3
What is the ten millions digit of 1009921870?
0
What is the units digit of 2649208?
8
Wha